{"id":57,"date":"2019-03-26T14:38:08","date_gmt":"2019-03-26T13:38:08","guid":{"rendered":"http:\/\/asso.ecoforum.fr\/?page_id=57"},"modified":"2019-03-26T14:38:08","modified_gmt":"2019-03-26T13:38:08","slug":"cv-victor-hugo-espinosa","status":"publish","type":"page","link":"https:\/\/asso.ecoforum.fr\/index.php\/cv-victor-hugo-espinosa\/","title":{"rendered":"CV, Victor Hugo Espinosa"},"content":{"rendered":"\n<h6>  <a href=\"https:\/\/www.facebook.com\/victorhugo.espinosa\"><\/a>  <a href=\"https:\/\/www.linkedin.com\/in\/victor-hugo-espinosa-1baa22167\/\"><\/a><\/h6>\n\n\n\n<p><strong>Victor Hugo Espinosa, en quelques mots\u2026<\/strong><\/p>\n\n\n\n<ul><li>Ing\u00e9nieur Civil \u2013 Sp\u00e9cialiste en Risques Majeurs 1969-1978 : 7 ans Ing\u00e9nieur + 3 ans \u00ab \u00c9tudes de Risques \u00bb (367 pages)<\/li><li><a href=\"http:\/\/www.psychodebats.fr\/wp-content\/uploads\/2018\/09\/vh20081208-chevalierMerite-LaProv.pdf\">Chevalier de l&rsquo;Ordre National du M\u00e9rite<\/a> (7 mai 2007)<\/li><li>Charg\u00e9 de cours de \u00ab Communication \u00bb (Universit\u00e9 des Sciences &#8211; Saint-Charles) : master \u00ab Gestion des Eaux et des Milieux Aquatiques \u00bb (GEMA) &#8211; Master \u00ab Gestion des Risques Naturels et Technologiques \u00bb (GERINAT)  &#8211; Master \u00ab\u00a0m\u00e9diation scientifique\u00a0\u00bb (jusqu\u2019\u00e0 2015)<\/li><li>Charg\u00e9 de cours de \u00ab Communication et D\u00e9veloppement \u00bb du master 1 Affaires Internationales et de la \u00ab\u00a0Gouvernance environnementale \u00bb du master 2. (LEA &#8211; Universit\u00e9 des Sciences \u2013 Aix en Provence)(jusqu\u2019\u00e0 2015)<\/li><li>Charg\u00e9 de cours de \u00ab\u00a0Communication\u00a0\u00bb de la Licence Professionnelle Am\u00e9nagement du Paysage.<\/li><li>Plus de 1000 animations sur l\u2019environnement et le d\u00e9veloppement durable dans les \u00e9coles, coll\u00e8ges et lyc\u00e9es. (<a href=\"https:\/\/www.lairetmoi.org\/presse-ecrite.html\">Exemple sur qualit\u00e9 de l&rsquo;air<\/a>)<\/li><li>Pilote et cr\u00e9ateur des supports p\u00e9dagogiques : L\u2019Air et Moi, L\u2019eau et Moi, <a href=\"http:\/\/www.calanques-parcnational.fr\/fr\/des-actions\/sensibiliser-et-informer\/actions-deducation-lenvironnement\/projets-educalanques\/les\">Les Calanques et Nous.<\/a><\/li><li>Pr\u00e9sident de la F\u00e9d\u00e9ration <a href=\"http:\/\/www.lairetmoi.org\/\">L\u2019Air et Moi<\/a> (d\u00e9ploiement national et international avec <a href=\"http:\/\/airandme.org\/\">Air and Me<\/a> et en Italie avec <a href=\"http:\/\/www.noielaria.it\/\">Noi e l&rsquo;Aria<\/a>)<\/li><li>Coordinateur du r\u00e9seau Ecoforum, un collectif d&rsquo;associations et de scientifiques qui agissent pour l&rsquo;environnement, la sant\u00e9, la solidarit\u00e9 et le cadre de vie.<\/li><li>Plus de <a href=\"https:\/\/asso.ecoforum.fr\/Revue-Presse-Cumule.htm\">3.000 articles de journaux<\/a> sur l\u2019environnement.<\/li><li>Organise r\u00e9guli\u00e8rement, depuis plus de 25 ans, des conf\u00e9rences, d\u00e9bats et manifestations pour l&rsquo;environnement.<\/li><li>Animateur et fondateur des conf\u00e9rences Eco-d\u00e9bats sur diff\u00e9rents th\u00e8mes li\u00e9s \u00e0 l&rsquo;environnement, la solidarit\u00e9, la sant\u00e9 et le cadre de vie.<\/li><li>Animation de plus de 2.000 \u00e9missions de radio sur l\u2019environnement.<\/li><li>Animateur et  des conf\u00e9rences <a href=\"https:\/\/www.psychodebats.fr\/\">Psycho-d\u00e9bats<\/a> sur diff\u00e9rents th\u00e8mes li\u00e9s \u00e0 la psychologie, \u00e0 la communication et au bien-\u00eatre.<\/li><li>Charg\u00e9 de mission aupr\u00e8s du Directeur de WWF France (2007-2008)<\/li><li>M\u00e9diateur D\u00e9veloppement Durable, Environnement, Sant\u00e9, Risques du Conseil G\u00e9n\u00e9ral des Bouches-du-Rh\u00f4ne. (\u00e0 mi-temps jusqu\u2019au 10\/2014)<\/li><li><a href=\"http:\/\/www.psychodebats.fr\/wp-content\/uploads\/2018\/09\/vh20110613-RANAUDOT-Victor-Hugo-La-Nlle-Republique.pdf\">Prix Renaudot Benjamin en 2011 &#8211; Auteur du livre \u00ab\u00a0Chatouille, pourquoi tu fouilles ?\u00a0\u00bb<\/a> sur les d\u00e9chets et \u00ab\u00a0Marie, pourquoi tu tousses ? sur la pollution de l\u2019air.<\/li><li>Conseiller d\u2019arrondissement de Marseille (13\/14\u00e8me arrondissement) et charg\u00e9 du D\u00e9veloppement Durable et de l\u2019Environnement (2008-2014).<\/li><li>Conseiller Communautaire de Marseille Provence M\u00e9tropole (MPM) (2008-2014).<\/li><\/ul>\n\n\n\n<div class=\"wp-block-image\"><figure class=\"alignleft\"><a href=\"https:\/\/www.psychodebats.fr\/wp-content\/uploads\/2019\/03\/Chevalier.jpg\"><img src=\"https:\/\/www.psychodebats.fr\/wp-content\/uploads\/2019\/03\/Chevalier-300x229.jpg\" alt=\"\" class=\"wp-image-1046\"\/><\/a><\/figure><\/div>\n\n\n\n<figure class=\"wp-block-image\"><a href=\"https:\/\/www.psychodebats.fr\/wp-content\/uploads\/2018\/12\/victor_hugo_espinosaFAEM.jpg\"><img src=\"https:\/\/www.psychodebats.fr\/wp-content\/uploads\/2018\/12\/victor_hugo_espinosaFAEM-300x200.jpg\" alt=\"\" class=\"wp-image-971\"\/><\/a><\/figure>\n\n\n\n<p><strong>Pendant une dizaine d\u2019ann\u00e9es, de nombreuses m\u00e9dias en parlent de l&rsquo;association SOS-RIRE :<\/strong><\/p>\n\n\n\n<ol><li><em>\u00ab <a href=\"http:\/\/www.psychodebats.fr\/wp-content\/uploads\/2018\/09\/vh19861012-SOSRire-LeM%C3%A9ridional.pdf\">Victor Hugo\u2026 Espinosa, po\u00e8te du rire <\/a>\u00bb<\/em> (Le M\u00e9ridional &#8211; 1986)<\/li><li><em>\u00ab <a href=\"http:\/\/www.psychodebats.fr\/wp-content\/uploads\/2018\/09\/vh19860805-sosrire-LeProven\u00e7al.pdf\">Le SAMU du Rire<\/a> \u00bb<\/em> (Le Proven\u00e7al &#8211; 1986)<\/li><li>\u00ab\u00a0<a href=\"http:\/\/www.psychodebats.fr\/wp-content\/uploads\/2018\/09\/vh19880804-Sos-Rire-LeProv.pdf\">\u00c9clats de rire<\/a>\u00a0\u00bb (Le Proven\u00e7al &#8211; 1986)<\/li><li><em>\u00ab <a href=\"http:\/\/www.psychodebats.fr\/wp-content\/uploads\/2018\/09\/vh19890418-rire-M\u00e9ridional.pdf\">Le Rire que gu\u00e9rit<\/a> \u00bb<\/em> (Le M\u00e9ridional &#8211; 1989)<\/li><li><em>\u00ab <a href=\"http:\/\/www.psychodebats.fr\/wp-content\/uploads\/2018\/09\/vh19911124-VHErire-FemmeActuelle.pdf\">Victor-Hugo po\u00e8te\u2026 du rire<\/a> \u00bb<\/em> (Femme Actuelle &#8211; 1991)<\/li><li>\u00ab\u00a0<em><a href=\"http:\/\/www.psychodebats.fr\/wp-content\/uploads\/2018\/09\/vh19910509-MourirDeRire-LeM\u00e9ridional.pdf\">Mourir de rire pour vivre heureux<\/a><\/em>\u00a0\u00bb (Le M\u00e9ridional &#8211; 1991)<\/li><li>\u00ab\u00a0<a href=\"http:\/\/www.psychodebats.fr\/wp-content\/uploads\/2018\/09\/vh19910610-sosrire-LeM\u00e9ridional.pdf\"><em>Pour prendre la vie du bon c\u00f4t\u00e9<\/em><\/a>\u00ab\u00a0(Le M\u00e9ridional -1991) &#8230;<\/li><\/ol>\n\n\n\n<p><strong>Et tant d\u2019autres concernant la lutte contre le stress, la th\u00e9rapie par le rire\u2026<\/strong><\/p>\n\n\n\n<p><a href=\"http:\/\/www.lairetmoi.org\/presse-ecrite.html\">Quelques articles de presse concernant le programme p\u00e9dagogique et humanitaire L&rsquo;Air et Moi<\/a><\/p>\n\n\n\n<p><a href=\"http:\/\/www.psychodebats.fr\/articles-de-presse-victor-hugo-espinosa\/\">Quelques articles de presse de Victor Hugo Espinosa<\/a><\/p>\n","protected":false},"excerpt":{"rendered":"<p>Victor Hugo Espinosa, en quelques mots\u2026 Ing\u00e9nieur Civil \u2013 Sp\u00e9cialiste en Risques Majeurs 1969-1978 : 7 ans Ing\u00e9nieur + 3 ans \u00ab \u00c9tudes de Risques \u00bb (367 pages) Chevalier de l&rsquo;Ordre National du M\u00e9rite (7 mai 2007) Charg\u00e9 de cours de \u00ab Communication \u00bb (Universit\u00e9 des Sciences &#8211; Saint-Charles) : master \u00ab Gestion des Eaux [&hellip;]<\/p>\n","protected":false},"author":1,"featured_media":0,"parent":0,"menu_order":0,"comment_status":"closed","ping_status":"closed","template":"","meta":[],"_links":{"self":[{"href":"https:\/\/asso.ecoforum.fr\/index.php\/wp-json\/wp\/v2\/pages\/57"}],"collection":[{"href":"https:\/\/asso.ecoforum.fr\/index.php\/wp-json\/wp\/v2\/pages"}],"about":[{"href":"https:\/\/asso.ecoforum.fr\/index.php\/wp-json\/wp\/v2\/types\/page"}],"author":[{"embeddable":true,"href":"https:\/\/asso.ecoforum.fr\/index.php\/wp-json\/wp\/v2\/users\/1"}],"replies":[{"embeddable":true,"href":"https:\/\/asso.ecoforum.fr\/index.php\/wp-json\/wp\/v2\/comments?post=57"}],"version-history":[{"count":0,"href":"https:\/\/asso.ecoforum.fr\/index.php\/wp-json\/wp\/v2\/pages\/57\/revisions"}],"wp:attachment":[{"href":"https:\/\/asso.ecoforum.fr\/index.php\/wp-json\/wp\/v2\/media?parent=57"}],"curies":[{"name":"wp","href":"https:\/\/api.w.org\/{rel}","templated":true}]}}